- 438*f + 461. Calculate h(-220).
21
Let h(v) = -19*v**2 - 543*v + 596. What is h(-26)?
1870
Let v(l) = 54*l**3 - 36*l**2 + 72*l. Calculate v(2).
432
Let g(k) = 1384935*k + 5539731. Give g(-4).
-9
Let s(k) = 5595*k - 55795. Give s(10).
155
Let f(v) = -8*v**3 - 35*v**2 - 60*v - 83. Give f(-3).
-2
Let b(a) = -13616*a - 149902. Determine b(-11).
-126
Let p(w) = 119*w**2 - 286*w - 1533. Determine p(5).
12
Let q(k) = 2*k**3 + 52*k**2 + 233*k + 297. What is q(-3)?
12
Let d(a) = -304*a**2 - 4455*a + 1577. Calculate d(-15).
2
Let q(f) = -31337*f - 564075. Calculate q(-18).
-9
Let a(i) = 90*i + 9440. What is a(-103)?
170
Let r(z) = -2*z**3 - 447*z**2 + 200*z - 5460. Calculate r(-224).
-84
Let m(o) = -o**3 + 11*o**2 + 1520*o - 13842. Determine m(9).
0
Let d(b) = 235*b - 1781. What is d(17)?
2214
Let v(g) = 434*g - 39896. Calculate v(93).
466
Let j(i) = 6853*i - 116531. Give j(17).
-30
Let l(j) = 565*j**2 - 47462*j + 195. Calculate l(84).
27
Let k(r) = -r**3 - 15*r**2 - 11981*r - 229077. Calculate k(-19).
6
Let i(h) = -14347*h + 57172. What is i(4)?
-216
Let q(j) = -4148*j + 16583. Determine q(4).
-9
Let b(n) = 2*n**2 - 78712*n - 551089. Give b(-7).
-7
Let i(r) = 591*r**2 - 10016*r - 518. What is i(17)?
9
Let a(u) = u**3 + 10*u**2 - 22*u - 82. Determine a(-9).
197
Let i(c) = 4*c**2 + 182*c + 1234. Give i(-9).
-80
Let r(b) = -19*b**3 - 628*b**2 - 28*b + 93. What is r(-33)?
-72
Let j(u) = 155*u - 4119. Give j(22).
-709
Let s(o) = -o**3 + 218*o**2 + 1826*o + 149. Calculate s(-8).
5
Let y(c) = -c**3 + 18*c**2 - 59*c - 3. What is y(14)?
-45
Let q(u) = -u**3 + 93*u**2 - 352*u - 14807. Calculate q(87).
-17
Let f(q) = 23412*q + 3160625. Determine f(-135).
5
Let t(r) = -175392*r + 175386. Give t(1).
-6
Let n(f) = -65*f - 6461. Give n(-89).
-676
Let g(b) = -977*b**2 - 3885*b + 72. What is g(-4)?
-20
Let a(n) = 6*n**3 - 105*n**2 - 41*n - 20. What is a(18)?
214
Let o(i) = 3962*i + 241687. What is o(-61)?
5
Let v(o) = o**2 + 67*o - 1439. Calculate v(17).
-11
Let h(z) = 5*z**3 + 84*z**2 + z - 635. Give h(-18).
-2597
Let l(q) = 12840*q - 64205. What is l(5)?
-5
Let i(r) = 1881*r - 179790. Determine i(96).
786
Let u(y) = -21*y**2 + 6195*y - 6191. Determine u(1).
-17
Let q(x) = -x**3 - 72*x**2 + 14*x + 6029. What is q(-71)?
-6
Let k(u) = 13455*u - 374. What is k(0)?
-374
Let f(k) = k**3 + 128*k**2 + 557*k + 7427. Calculate f(-124).
-137
Let h(b) = 8044*b**2 - 72539*b + 1285. Determine h(9).
-2
Let j(g) = 280536*g + 1683276. Calculate j(-6).
60
Let q(w) = -w**3 - 139*w**2 - 55*w + 30016. Give q(-137).
13
Let x(o) = 14210*o + 100578. Determine x(-7).
1108
Let g(s) = -4*s**3 + 35*s**2 - 86*s + 96. Give g(7).
-163
Let q(h) = -6*h**2 + 577*h + 7. Give q(-2).
-1171
Let w(c) = 7001*c - 798121. Determine w(114).
-7
Let c(q) = -60684*q + 364073. What is c(6)?
-31
Let m(x) = x**3 + 11*x**2 - 309*x - 72. Give m(-24).
-144
Let d(u) = 3*u**3 + 5*u**2 - 655*u - 820. What is d(-15)?
5
Let x(q) = 323048*q + 1292292. Calculate x(-4).
100
Let d(m) = -894*m + 7509. Give d(7).
1251
Let b(m) = -14*m**2 + 1580*m - 1575. Determine b(1).
-9
Let r(x) = 21*x**3 + 2711*x**2 + 447*x + 24386. Determine r(-129).
5
Let y(r) = -41166*r + 617530. Give y(15).
40
Let j(o) = -3*o**3 + 1211*o**2 - 23740*o - 2296. What is j(383)?
2
Let r(i) = 3*i**3 + 73*i**2 - 2591*i + 99. Give r(-44).
-121
Let b(s) = 22*s**3 - 199*s**2 - 77*s + 777. Calculate b(9).
3
Let n(h) = -h**2 - 7893*h + 389121. Give n(49).
-37
Let n(w) = -w**3 - 146*w**2 - 694*w + 106. What is n(-5)?
51
Let k(a) = -32*a**3 + 5633*a**2 - 288*a + 19718. Calculate k(176).
6
Let o(l) = -8*l**3 + 22*l**2 - 41*l - 48. Give o(4).
-372
Let v(j) = -111*j**3 - 1956*j**2 - 8250*j + 17. Give v(-7).
-4
Let z(q) = -2405*q + 1356358. Calculate z(564).
-62
Let h(s) = -57*s**2 + 675*s - 4023. Give h(6).
-2025
Let q(s) = 24881*s + 124396. Give q(-5).
-9
Let z(m) = -3200*m - 63881. Determine z(-20).
119
Let q(z) = -7*z**3 + 427*z**2 + 2*z - 130. What is q(61)?
-8
Let d(p) = 20998*p + 1973754. Calculate d(-94).
-58
Let c(u) = 98*u**3 + 8*u**2 - 11*u + 6. Determine c(2).
800
Let h(r) = 4*r**2 + 63*r - 540. What is h(-17)?
-455
Let v(h) = 2*h**3 + 31*h**2 + 2826*h + 42170. Give v(-15).
5
Let f(w) = -3*w**3 + 16*w**2 + 234*w - 6. Give f(12).
-78
Let d(j) = 64353*j - 128704. Determine d(2).
2
Let j(u) = -u**3 + 124*u**2 - 1231*u - 1691. Calculate j(113).
-335
Let i(t) = -5*t**2 - 558*t + 11433. Give i(19).
-974
Let q(f) = -17*f**2 + 296*f + 1361. Determine q(21).
80
Let d(g) = -3*g**3 + 2425*g**2 + 64196*g + 18344. Calculate d(834).
-4
Let x(h) = -621*h + 3827. Calculate x(7).
-520
Let z(h) = 15*h**2 - 70*h - 501. Give z(8).
-101
Let t(l) = 4*l**3 - 53*l**2 - 16*l - 344. Calculate t(17).
3719
Let y(c) = c**3 + 19*c**2 - 220*c - 1333. What is y(-6)?
455
Let b(j) = 138697*j - 5409188. Determine b(39).
-5
Let i(g) = -2039*g + 305838. Calculate i(150).
-12
Let r(d) = 1739*d - 337370. What is r(194)?
-4
Let l(y) = 2*y**2 - 23*y + 90. What is l(15)?
195
Let b(f) = -4*f**3 + 34*f**2 - 3637*f + 32935. What is b(9)?
40
Let k(t) = -16*t**3 - 780*t**2 + 194*t - 85. Calculate k(-49).
13
Let r(s) = 3*s**3 + 160*s**2 + 356*s + 391. Determine r(-51).
442
Let n(g) = -6*g**2 + 883*g - 21608. Give n(31).
-1
Let o(p) = -169*p - 929. Calculate o(-8).
423
Let z(m) = 2*m**3 - 19*m**2 + 13*m + 20. What is z(-1)?
-14
Let j(x) = -x**2 - 344*x - 25624. Calculate j(-109).
-9
Let o(k) = -28145*k - 84919. What is o(-3)?
-484
Let l(s) = -175*s - 27997. What is l(-160)?
3
Let v(r) = -42185*r + 168628. Calculate v(4).
-112
Let o(h) = -1450*h - 394673. What is o(-273)?
1177
Let n(g) = g**3 - 154*g**2 - 1639*g - 112. Give n(-10).
-122
Let r(m) = 429140*m + 26606680. Determine r(-62).
0
Let q(f) = 158*f**2 - 1408*f + 90. What is q(9)?
216
Let x(a) = 2041*a + 16379. Give x(-8).
51
Let t(w) = -47*w**3 + 705*w**2 - 250*w + 3751. Calculate t(15).
1
Let y(o) = -2312*o - 85308. Give y(-37).
236
Let y(d) = 55*d - 2920. Calculate y(52).
-60
Let v(c) = c**2 + 136*c + 1006. Calculate v(-11).
-369
Let j(i) = -2739*i + 8208. What is j(3)?
-9
Let g(l) = -521*l + 94957. Give g(182).
135
Let q(t) = -2*t**3 - 52*t**2 - 64*t - 20. Calculate q(-26).
1644
Let t(s) = -s**3 + 146*s**2 - 503*s + 10585. What is t(143)?
3
Let f(i) = -i**3 + 57*i**2 - 620*i + 8. Give f(16).
584
Let i(g) = 747*g - 47398. Calculate i(63).
-337
Let x(r) = 544*r - 32105. Determine x(59).
-9
Let w(j) = -32594*j**2 - 423721*j + 24. Give w(-13).
11
Let o(y) = -y**3 - 26*y**2 - 104*y + 63. Give o(-21).
42
Let z(b) = b**3 + 182*b**2 - 723*b + 3869. What is z(-186)?
-37
Let b(o) = -1394*o - 214617. Calculate b(-154).
59
Let y(w) = w**3 + 240*w**2 - 17654*w + 634. Calculate y(59).
-133
Let k(r) = 3*r**2 + 224*r + 1518. Determine k(-7).
97
Let b(q) = -q**3 + 2*q**2 - 542*q - 5766. Give b(-9).
3
Let z(h) = -h**3 + 453*h**2 + 517*h - 437989. Determine z(452).
-1
Let l(y) = -y**3 - 177*y**2 + 18581*y + 1592. Give l(-251).
-165
Let g(u) = 139*u**2 + 8634*u + 16705. Calculate g(-2).
-7
Let n(k) = -2*k**3 + 1543*k**2 - 2267*k - 33103. What is n(770)?
7
Let u(s) = -666*s - 7966. Give u(-12).
26
Let h(c) = -3*c**3 - 169*c**2 - 61*c - 145. Calculate h(-56).
135
Let r(h) = -2*h**2 + 154*h + 786. Determine r(-6).
-210
Let r(p) = p**3 - 73*p**2 + 110*p - 8068. Calculate r(73).
-38
Let q(o) = 648*o**3 + 7127*o**2 - 8*o + 32. Give q(-11).
-1
Let w(p) = 43*p**2 + 867*p + 3709. Give w(-14).
-1
Let h(u) = 2*u**3 + 226*u**2 + 228*u - 584. What is h(-112)?
-1032
Let z(a) = 13*a**2 - 34*a - 116. Determine z(-5).
379
Let w(r) = -r**3 + 39*r**2 - 95*r + 106. Give w(37).
-671
Let j(a) = 2*a**2 - 134794*a + 6061674. Calculate j(45).
-6
Let c(s) = 249*s**2 + 4544*s + 1055. Give c(-18).
-61
Let r(b) = -5055*b + 36132. Determine r(7).
747
Let u(j) = 144*j**2 + 1674*j + 3387. Give u(-9).
-15
Let i(b) = 7*b**3 - 49*b**2 + 110*b - 14. Give i(2).
66
Let d(b) = -285849*b - 1715194. Calculate d(-6).
-100
Let v(j) = 7*j**3 - 85*j**2 + 87*j + 2. What is v(2)?
-108
Let i(g) = -g**3 + 158*g**2 - 396*g + 37506. What is i(157)?
-17
Let i(a) = 5*a**2 - 1915*a + 31135. Calculate i(366).
25
Let h(p) = -477*p + 30789. Give h(62).
1215
Let u(l) = -292*l**2 + 26051*l - 5614. Give u(89).
-7
Let k(v) = -31881*v**2 - 95637*v + 2. Calculate k(-3).
-16
Let x(s) = -2*s**2 - 251*s + 17077. What is x(49)?
